d by 6415.
18
Calculate the remainder when 1255206 is divided by 58.
28
Calculate the remainder when 13713491 is divided by 194.
19
What is the remainder when 148633 is divided by 11895?
5893
Calculate the remainder when 25486909 is divided by 88.
85
Calculate the remainder when 5222119 is divided by 136.
127
Calculate the remainder when 67121905 is divided by 19.
16
What is the remainder when 683579 is divided by 341734?
111
What is the remainder when 119337 is divided by 2810?
1317
Calculate the remainder when 25688713 is divided by 111690.
13
Calculate the remainder when 921373 is divided by 57585.
13
What is the remainder when 34685167 is divided by 81?
76
Calculate the remainder when 44410 is divided by 7395.
40
What is the remainder when 745686 is divided by 11609?
2710
Calculate the remainder when 559677 is divided by 279838.
1
Calculate the remainder when 3848257 is divided by 66349.
15
What is the remainder when 870307 is divided by 2024?
2011
What is the remainder when 121416 is divided by 8?
0
What is the remainder when 159800 is divided by 95?
10
Calculate the remainder when 6056 is divided by 5613.
443
What is the remainder when 6370 is divided by 6222?
148
What is the remainder when 7124294 is divided by 5811?
8
What is the remainder when 45457409 is divided by 182?
179
What is the remainder when 162997 is divided by 8?
5
Calculate the remainder when 1899941 is divided by 124.
13
Calculate the remainder when 46939 is divided by 155.
129
Calculate the remainder when 12515561 is divided by 1894.
9
Calculate the remainder when 7086360 is divided by 77870.
190
Calculate the remainder when 11303 is divided by 5438.
427
What is the remainder when 83025178 is divided by 60?
58
Calculate the remainder when 129777 is divided by 4227.
2967
Calculate the remainder when 411913897 is divided by 1150.
1147
Calculate the remainder when 32313717 is divided by 2308119.
51
What is the remainder when 10170815 is divided by 423783?
23
Calculate the remainder when 830205 is divided by 16601.
155
Calculate the remainder when 3124251 is divided by 641.
17
Calculate the remainder when 807541677 is divided by 66.
63
What is the remainder when 595053 is divided by 4442?
4267
Calculate the remainder when 139049 is divided by 34709.
213
What is the remainder when 28194825 is divided by 122?
15
Calculate the remainder when 695274 is divided by 1700.
1674
What is the remainder when 2863536 is divided by 2171?
2158
What is the remainder when 180608 is divided by 17386?
6748
Calculate the remainder when 4136058 is divided by 253.
14
Calculate the remainder when 2460646 is divided by 2460564.
82
What is the remainder when 44058163 is divided by 895?
893
Calculate the remainder when 20287291 is divided by 20.
11
What is the remainder when 698100 is divided by 62?
42
Calculate the remainder when 183304 is divided by 371.
30
Calculate the remainder when 2297009 is divided by 9188.
9
Calculate the remainder when 447806532 is divided by 95.
92
Calculate the remainder when 22664943 is divided by 272.
271
Calculate the remainder when 1350495 is divided by 596.
555
What is the remainder when 284786659 is divided by 10061?
10054
Calculate the remainder when 29348 is divided by 1723.
57
What is the remainder when 5884503 is divided by 542?
9
Calculate the remainder when 5778212 is divided by 93190.
432
Calculate the remainder when 17085 is divided by 16933.
152
Calculate the remainder when 1158580 is divided by 1011.
985
What is the remainder when 1339142 is divided by 446328?
158
Calculate the remainder when 17864095 is divided by 575.
570
What is the remainder when 3049560 is divided by 385?
360
Calculate the remainder when 3552425 is divided by 136630.
45
Calculate the remainder when 2190385 is divided by 1095162.
61
What is the remainder when 2351229 is divided by 5492?
653
What is the remainder when 2430113 is divided by 3907?
3866
Calculate the remainder when 8046707 is divided by 278.
275
Calculate the remainder when 15038214 is divided by 3759551.
10
Calculate the remainder when 345991 is divided by 5879.
5009
Calculate the remainder when 980449497 is divided by 6375.
6372
Calculate the remainder when 4223383 is divided by 108290.
73
Calculate the remainder when 293802 is divided by 287614.
6188
Calculate the remainder when 2128152 is divided by 12667.
96
Calculate the remainder when 883176 is divided by 236.
64
Calculate the remainder when 300818 is divided by 75172.
130
What is the remainder when 2894243 is divided by 495?
473
What is the remainder when 728693 is divided by 56045?
108
Calculate the remainder when 563758 is divided by 76.
66
Calculate the remainder when 144373831 is divided by 58.
57
Calculate the remainder when 97262437 is divided by 35.
27
What is the remainder when 4047280 is divided by 10?
0
What is the remainder when 135134 is divided by 16430?
3694
Calculate the remainder when 59622744 is divided by 1046013.
3
Calculate the remainder when 30499384 is divided by 308.
300
Calculate the remainder when 2051531 is divided by 4204.
4183
What is the remainder when 47529990 is divided by 1717?
1713
What is the remainder when 4319625 is divided by 85?
10
Calculate the remainder when 902948 is divided by 451330.
288
Calculate the remainder when 46887603 is divided by 2089.
2087
Calculate the remainder when 1024761 is divided by 1359.
75
What is the remainder when 237068 is divided by 1180?
1068
Calculate the remainder when 1629255 is divided by 2984.
2975
Calculate the remainder when 63372 is divided by 15830.
52
Calculate the remainder when 925262 is divided by 209.
19
What is the remainder when 33185 is divided by 495?
20
Calculate the remainder when 40300 is divided by 8021.
195
What is the remainder when 1311903 is divided by 60?
3
Calculate the remainder when 7086095 is divided by 2048.
15
What is the remainder when 166707 is divided by 195?
177
What is the remainder when 52301300 is divided by 190?
0
Calculate the remainder when 879088 is divided by 437613.
3862
Calculate the remainder when 109696 is divided by 54808.
80
What is the remainder when 28016316 is divided by 6148?
6028
Calculate the remainder when 2848497 is divided by 1754.
1
What is the remainder when 545191 is divided by 23571?
3058
Calculate the remainder when 227014020 is divided by 5.
0
Calculate the remainder when 471993 is divided by 1662.
1647
Calculate the remainder when 65789519 is divided by 62.
17
What is the remainder when 15184972 is divided by 3036993?
7
Calculate the remainder when 7474203 is divided by 7474047.
156
What is the remainder when 354819695 is divided by 687?
683
What is the remainder when 85898615 is divided by 28632869?
8
What is the remainder when 453226075 is divided by 19?
18
What is the remainder when 29988 is divided by 1765?
1748
Calculate the remainder when 122345453 is divided by 182333.
10
Calculate the remainder when 1874534 is divided by 973.
536
Calculate the remainder when 3937116 is divided by 20.
16
What is the remainder when 1276220 is divided by 63?
29
What is the remainder when 561120 is divided by 385?
175
What is the remainder when 1854389 is divided by 1854316?
73
Calculate the remainder when 1710818 is divided by 1710733.
85
Calculate the remainder when 6592641 is divided by 146503.
6
Calculate the remainder when 2510329 is divided by 2510090.
239
Calculate the remainder when 268366 is divided by 38321.
119
Calculate the remainder when 229123462 is divided by 1347785.
12
Calculate the remainder when 14557 is divided by 2640.
1357
Calculate the remainder when 12604933 is divided by 12604927.
6
Calculate the remainder when 65517721 is divided by 334274.
17
What is the remainder when 770978 is divided by 213?
131
Calculate the remainder when 10462674 is divided by 43.
0
What is the remainder when 24126 is divided by 1545?
951
What is the remainder when 19048523 is divided by 19125?
23
Calculate the remainder when 20597986 is divided by 3018.
136
What is the remainder when 1647794 is divided by 12?
2
What is the remainder when 2518826 is divided by 37041?
38
Calculate the remainder when 8558 is divided by 4073.
412
What is the remainder when 51878 is divided by 16889?
1211
What is the remainder when 10260900 is divided by 3420285